{"id":9380,"date":"2023-08-25T13:47:22","date_gmt":"2023-08-25T11:47:22","guid":{"rendered":"https:\/\/www.mypellets.at\/uber-uns\/"},"modified":"2024-02-21T15:33:37","modified_gmt":"2024-02-21T14:33:37","slug":"a-propos-de-nous","status":"publish","type":"page","link":"https:\/\/www.mypellets.at\/fr\/a-propos-de-nous\/","title":{"rendered":"\u00c0 propos de nous"},"content":{"rendered":"\n<div  \n    class=\"trnc-column-img-text-stacked \n    trnc-fullwidth-with-image trnc-full trnc-content\n    w-fullwidth py-16\n    flex justify-center items-center \n    overflow-hidden\">\n    <div class=\"container mx-auto md:pb-14\">\n            <div class=\"flex-1 flex items-center justify-center trnc-reveal trnc-reveal--fromRight mb-10\">\n            <img loading=\"lazy\" decoding=\"async\" width=\"194\" height=\"292\" src=\"https:\/\/www.mypellets.at\/wp-content\/uploads\/2023\/10\/My_Pellets-31_2023-1.png\" class=\"w-auto h-auto object-cover\" alt=\"\" \/>        <\/div>\n        <div class=\"flex-1 md:w80 md:flex flex-col justify-center items-center\">\n        <div class=\"text-left trnc-reveal\">\n            <div class=\"text-yellow uppercase break-words font-bold font-30 md:font-48 mb-8\">LE FABRICANT DE QUALIT\u00c9 AUTRICHIEN<\/div>\n            <div class=\"text-yellow font-bold font-30 \"><p>Depuis 1995, Matthias Kroell s\u2019occupe de granul\u00e9s Premium issus de mati\u00e8res premi\u00e8res renouvelables. Depuis 2012, Matthias Kroell poss\u00e8de et g\u00e8re sa propre marque commercial. Il a depuis \u00e9largi sa gamme de produits en travaillant avec des entreprises europ\u00e9ennes de premier plan. Les granul\u00e9s \u00ab My Pellets \u00bb sont des produits de premi\u00e8re qualit\u00e9 que les clients de toute l\u2019Europe connaissent. Des produits reconnus comme marque autrichienne.<\/p>\n<\/div>\n            <div class=\"wp-block-button mt-8\">\n                <a href=\"https:\/\/www.mypellets.at\/fr\/qualite\/\" class=\"border-4 border-yellow uppercase rounded-3xl px-4 font-28 font-bold button-yellow block text-center w-fit\" target=\"\">Qualit\u00e9<\/a>            <\/div>\n        <\/div>\n    <\/div>\n    <\/div>\n<\/div>\n\n\n\n<div  \n    class=\"trnc-column-img-text-stacked \n    trnc-fullwidth-with-image trnc-full trnc-content\n    w-fullwidth py-16\n    flex justify-center items-center \n    overflow-hidden\">\n    <div class=\"container mx-auto md:pb-14\">\n            <div class=\"flex-1 flex items-center justify-center trnc-reveal trnc-reveal--fromRight mb-10\">\n            <img loading=\"lazy\" decoding=\"async\" width=\"371\" height=\"247\" src=\"https:\/\/www.mypellets.at\/wp-content\/uploads\/2023\/11\/mypellets_044-1.jpg\" class=\"w-auto h-auto object-cover\" alt=\"\" srcset=\"https:\/\/www.mypellets.at\/wp-content\/uploads\/2023\/11\/mypellets_044-1.jpg 371w, https:\/\/www.mypellets.at\/wp-content\/uploads\/2023\/11\/mypellets_044-1-300x200.jpg 300w\" sizes=\"auto, (max-width: 371px) 100vw, 371px\" \/>        <\/div>\n        <div class=\"flex-1 md:w80 md:flex flex-col justify-center items-center\">\n        <div class=\"text-left trnc-reveal\">\n            <div class=\"text-yellow uppercase break-words font-bold font-30 md:font-48 mb-8\">LES PRODUITS PARFAITS<\/div>\n            <div class=\"text-yellow font-bold font-30 \"><p>En 30 ans de d\u00e9veloppement de produits et de recherche, nous avons am\u00e9lior\u00e9 et optimis\u00e9 nos granul\u00e9s. Notre exigence est d\u2019arriver \u00e0 la meilleure qualit\u00e9 de produit possible. Nous \u00e9largissons donc constamment notre gamme pour l\u2019adapter parfaitement aux besoins des diff\u00e9rents march\u00e9s. Nos produits sont distribu\u00e9s dans toute l\u2019Europe, principalement en Italie et en Autriche. Les granul\u00e9s \u00ab My Pellets \u00bb sont essentiellement produits dans des entreprises autrichiennes et tch\u00e8ques s\u00e9lectionn\u00e9es.<\/p>\n<\/div>\n            <div class=\"wp-block-button mt-8\">\n                <a href=\"https:\/\/www.mypellets.at\/fr\/produits\/\" class=\"border-4 border-yellow uppercase rounded-3xl px-4 font-28 font-bold button-yellow block text-center w-fit\" target=\"\">Prodiuts<\/a>            <\/div>\n        <\/div>\n    <\/div>\n    <\/div>\n<\/div>\n\n\n\n<div  class=\"trnc-banner-headline trnc-full trnc-content w-full trnc-centered-with-image trnc-full text-yellow trnc-content bg-light \n    w-fullwidth py-40 md:px-4 flex justify-center items-center\" style=\"background-image:url(https:\/\/www.mypellets.at\/wp-content\/uploads\/2023\/09\/My_Pellets-37-1.jpg); background-repeat: no-repeat; background-position: center;\n    background-size: cover;\">\n    <div class=\"container flex-1 flex flex-col justify-center items-center gap-12  trnc-reveal\">\n        <div class=\"text-center md:w80 \">\n            <h4 class=\"tracking-widest text-lg uppercase text-yellow mb-12 font-bold\">\n                <br \/><\/h4>\n            <div class=\"text-yellow font-bold font-30\">\n                Avec \u00ab My Pellets \u00bb, l\u2019objectif est de commercialiser des produits de haute qualit\u00e9 : il ne s\u2019agit pas seulement de communiquer en surface sur la durabilit\u00e9, mais d\u2019int\u00e9grer de mani\u00e8re tangible cet aspect au quotidien. Des produits o\u00f9 l\u2019humain et la nature sont gagnants. Nous contr\u00f4lons donc en permanence la qualit\u00e9 du bois, optimisons les voies d\u2019approvisionnement et veillons \u00e0 ce que les syst\u00e8mes de chauffage aient une longue dur\u00e9e de vie.            <\/div>\n            <div class=\"wp-block-button mt-16\">\n                            <\/div>\n        <\/div>\n    <\/div>\n<\/div>\n\n\n<div  \n    class=\"trnc-column-img-text-stacked \n    trnc-fullwidth-with-image trnc-full trnc-content\n    w-fullwidth py-16\n    flex justify-center items-center \n    overflow-hidden\">\n    <div class=\"container mx-auto md:pb-14\">\n            <div class=\"flex-1 flex items-center justify-center trnc-reveal trnc-reveal--fromRight mb-10\">\n            <img loading=\"lazy\" decoding=\"async\" width=\"192\" height=\"289\" src=\"https:\/\/www.mypellets.at\/wp-content\/uploads\/2023\/09\/My_Pellets-35-1.png\" class=\"w-auto h-auto object-cover\" alt=\"\" \/>        <\/div>\n        <div class=\"flex-1 md:w80 md:flex flex-col justify-center items-center\">\n        <div class=\"text-left trnc-reveal\">\n            <div class=\"text-yellow uppercase break-words font-bold font-30 md:font-48 mb-8\">UN SERVICE DIGNE DE CE NOM<\/div>\n            <div class=\"text-yellow font-bold font-30 \"><p>Depuis la cr\u00e9ation de \u00ab My Pellets \u00bb, nous travaillons en \u00e9troite collaboration avec nos distributeurs, restons accessibles et garantissons \u00e0 nos clients la meilleure qualit\u00e9. Nous travaillons \u00e9galement avec des fabricants de syst\u00e8mes de chauffage afin d\u2019assurer un service optimal et long\u00e9vit\u00e9. Des fabricants de chauffage renomm\u00e9s recommandent les granul\u00e9s \u00ab My Premium Pellets \u00bb.<\/p>\n<\/div>\n            <div class=\"wp-block-button mt-8\">\n                <a href=\"https:\/\/www.mypellets.at\/fr\/contact\/\" class=\"border-4 border-yellow uppercase rounded-3xl px-4 font-28 font-bold button-yellow block text-center w-fit\" target=\"\">Contact<\/a>            <\/div>\n        <\/div>\n    <\/div>\n    <\/div>\n<\/div>\n\n\n\n<div  \n    class=\"trnc-column-img-text-stacked \n    trnc-fullwidth-with-image trnc-full trnc-content\n    w-fullwidth py-16\n    flex justify-center items-center \n    overflow-hidden\">\n    <div class=\"container mx-auto md:pb-14\">\n            <div class=\"flex-1 flex items-center justify-center trnc-reveal trnc-reveal--fromRight mb-10\">\n            <img loading=\"lazy\" decoding=\"async\" width=\"195\" height=\"292\" src=\"https:\/\/www.mypellets.at\/wp-content\/uploads\/2023\/11\/mypellets_0499-1.jpg\" class=\"w-auto h-auto object-cover\" alt=\"\" \/>        <\/div>\n        <div class=\"flex-1 md:w80 md:flex flex-col justify-center items-center\">\n        <div class=\"text-left trnc-reveal\">\n            <div class=\"text-yellow uppercase break-words font-bold font-30 md:font-48 mb-8\">COMMANDE FACILE, LIVRAISON RAPIDE, QUALIT\u00c9 CONSTANTE<\/div>\n            <div class=\"text-yellow font-bold font-30 \"><p>Notre toute nouvelle boutique en ligne vous permet de commander directement, sans effort et \u00e0 moindre co\u00fbt. Notre qualit\u00e9 constante, ainsi que nos livraisons ponctuelles et sans poussi\u00e8re, font le bonheur de nos clients depuis des ann\u00e9es.<\/p>\n<\/div>\n            <div class=\"wp-block-button mt-8\">\n                <a href=\"https:\/\/www.mypellets.at\/fr\/produits\/\" class=\"border-4 border-yellow uppercase rounded-3xl px-4 font-28 font-bold button-yellow block text-center w-fit\" target=\"\">Produits<\/a>            <\/div>\n        <\/div>\n    <\/div>\n    <\/div>\n<\/div>\n","protected":false},"excerpt":{"rendered":"","protected":false},"author":1,"featured_media":0,"parent":0,"menu_order":0,"comment_status":"closed","ping_status":"closed","template":"","meta":{"_acf_changed":false,"inline_featured_image":false,"footnotes":""},"class_list":["post-9380","page","type-page","status-publish","hentry"],"acf":[],"_links":{"self":[{"href":"https:\/\/www.mypellets.at\/fr\/wp-json\/wp\/v2\/pages\/9380","targetHints":{"allow":["GET"]}}],"collection":[{"href":"https:\/\/www.mypellets.at\/fr\/wp-json\/wp\/v2\/pages"}],"about":[{"href":"https:\/\/www.mypellets.at\/fr\/wp-json\/wp\/v2\/types\/page"}],"author":[{"embeddable":true,"href":"https:\/\/www.mypellets.at\/fr\/wp-json\/wp\/v2\/users\/1"}],"replies":[{"embeddable":true,"href":"https:\/\/www.mypellets.at\/fr\/wp-json\/wp\/v2\/comments?post=9380"}],"version-history":[{"count":25,"href":"https:\/\/www.mypellets.at\/fr\/wp-json\/wp\/v2\/pages\/9380\/revisions"}],"predecessor-version":[{"id":10235,"href":"https:\/\/www.mypellets.at\/fr\/wp-json\/wp\/v2\/pages\/9380\/revisions\/10235"}],"wp:attachment":[{"href":"https:\/\/www.mypellets.at\/fr\/wp-json\/wp\/v2\/media?parent=9380"}],"curies":[{"name":"wp","href":"https:\/\/api.w.org\/{rel}","templated":true}]}}

À propos de nous

<div  
    class="trnc-column-img-text-stacked 
    trnc-fullwidth-with-image trnc-full trnc-content
    w-fullwidth py-16
    flex justify-center items-center 
    overflow-hidden">
    <div class="container mx-auto md:pb-14">
            <div class="flex-1 flex items-center justify-center trnc-reveal trnc-reveal--fromRight mb-10">
            <img loading="lazy" decoding="async" width="194" height="292" src="https://www.mypellets.at/wp-content/uploads/2023/10/My_Pellets-31_2023-1.png" class="w-auto h-auto object-cover" alt="" />        </div>
        <div class="flex-1 md:w80 md:flex flex-col justify-center items-center">
        <div class="text-left trnc-reveal">
            <div class="text-yellow uppercase break-words font-bold font-30 md:font-48 mb-8">LE FABRICANT DE QUALITÉ AUTRICHIEN</div>
            <div class="text-yellow font-bold font-30 "><p>Depuis 1995, Matthias Kroell s’occupe de granulés Premium issus de matières premières renouvelables. Depuis 2012, Matthias Kroell possède et gère sa propre marque commercial. Il a depuis élargi sa gamme de produits en travaillant avec des entreprises européennes de premier plan. Les granulés « My Pellets » sont des produits de première qualité que les clients de toute l’Europe connaissent. Des produits reconnus comme marque autrichienne.</p>
</div>
            <div class="wp-block-button mt-8">
                <a href="https://www.mypellets.at/fr/qualite/" class="border-4 border-yellow uppercase rounded-3xl px-4 font-28 font-bold button-yellow block text-center w-fit" target="">Qualité</a>            </div>
        </div>
    </div>
    </div>
</div>



<div  
    class="trnc-column-img-text-stacked 
    trnc-fullwidth-with-image trnc-full trnc-content
    w-fullwidth py-16
    flex justify-center items-center 
    overflow-hidden">
    <div class="container mx-auto md:pb-14">
            <div class="flex-1 flex items-center justify-center trnc-reveal trnc-reveal--fromRight mb-10">
            <img loading="lazy" decoding="async" width="371" height="247" src="https://www.mypellets.at/wp-content/uploads/2023/11/mypellets_044-1.jpg" class="w-auto h-auto object-cover" alt="" srcset="https://www.mypellets.at/wp-content/uploads/2023/11/mypellets_044-1.jpg 371w, https://www.mypellets.at/wp-content/uploads/2023/11/mypellets_044-1-300x200.jpg 300w" sizes="auto, (max-width: 371px) 100vw, 371px" />        </div>
        <div class="flex-1 md:w80 md:flex flex-col justify-center items-center">
        <div class="text-left trnc-reveal">
            <div class="text-yellow uppercase break-words font-bold font-30 md:font-48 mb-8">LES PRODUITS PARFAITS</div>
            <div class="text-yellow font-bold font-30 "><p>En 30 ans de développement de produits et de recherche, nous avons amélioré et optimisé nos granulés. Notre exigence est d’arriver à la meilleure qualité de produit possible. Nous élargissons donc constamment notre gamme pour l’adapter parfaitement aux besoins des différents marchés. Nos produits sont distribués dans toute l’Europe, principalement en Italie et en Autriche. Les granulés « My Pellets » sont essentiellement produits dans des entreprises autrichiennes et tchèques sélectionnées.</p>
</div>
            <div class="wp-block-button mt-8">
                <a href="https://www.mypellets.at/fr/produits/" class="border-4 border-yellow uppercase rounded-3xl px-4 font-28 font-bold button-yellow block text-center w-fit" target="">Prodiuts</a>            </div>
        </div>
    </div>
    </div>
</div>



<div  class="trnc-banner-headline trnc-full trnc-content w-full trnc-centered-with-image trnc-full text-yellow trnc-content bg-light 
    w-fullwidth py-40 md:px-4 flex justify-center items-center" style="background-image:url(https://www.mypellets.at/wp-content/uploads/2023/09/My_Pellets-37-1.jpg); background-repeat: no-repeat; background-position: center;
    background-size: cover;">
    <div class="container flex-1 flex flex-col justify-center items-center gap-12  trnc-reveal">
        <div class="text-center md:w80 ">
            <h4 class="tracking-widest text-lg uppercase text-yellow mb-12 font-bold">
                <br /></h4>
            <div class="text-yellow font-bold font-30">
                Avec « My Pellets », l’objectif est de commercialiser des produits de haute qualité : il ne s’agit pas seulement de communiquer en surface sur la durabilité, mais d’intégrer de manière tangible cet aspect au quotidien. Des produits où l’humain et la nature sont gagnants. Nous contrôlons donc en permanence la qualité du bois, optimisons les voies d’approvisionnement et veillons à ce que les systèmes de chauffage aient une longue durée de vie.            </div>
            <div class="wp-block-button mt-16">
                            </div>
        </div>
    </div>
</div>


<div  
    class="trnc-column-img-text-stacked 
    trnc-fullwidth-with-image trnc-full trnc-content
    w-fullwidth py-16
    flex justify-center items-center 
    overflow-hidden">
    <div class="container mx-auto md:pb-14">
            <div class="flex-1 flex items-center justify-center trnc-reveal trnc-reveal--fromRight mb-10">
            <img loading="lazy" decoding="async" width="192" height="289" src="https://www.mypellets.at/wp-content/uploads/2023/09/My_Pellets-35-1.png" class="w-auto h-auto object-cover" alt="" />        </div>
        <div class="flex-1 md:w80 md:flex flex-col justify-center items-center">
        <div class="text-left trnc-reveal">
            <div class="text-yellow uppercase break-words font-bold font-30 md:font-48 mb-8">UN SERVICE DIGNE DE CE NOM</div>
            <div class="text-yellow font-bold font-30 "><p>Depuis la création de « My Pellets », nous travaillons en étroite collaboration avec nos distributeurs, restons accessibles et garantissons à nos clients la meilleure qualité. Nous travaillons également avec des fabricants de systèmes de chauffage afin d’assurer un service optimal et longévité. Des fabricants de chauffage renommés recommandent les granulés « My Premium Pellets ».</p>
</div>
            <div class="wp-block-button mt-8">
                <a href="https://www.mypellets.at/fr/contact/" class="border-4 border-yellow uppercase rounded-3xl px-4 font-28 font-bold button-yellow block text-center w-fit" target="">Contact</a>            </div>
        </div>
    </div>
    </div>
</div>



<div  
    class="trnc-column-img-text-stacked 
    trnc-fullwidth-with-image trnc-full trnc-content
    w-fullwidth py-16
    flex justify-center items-center 
    overflow-hidden">
    <div class="container mx-auto md:pb-14">
            <div class="flex-1 flex items-center justify-center trnc-reveal trnc-reveal--fromRight mb-10">
            <img loading="lazy" decoding="async" width="195" height="292" src="https://www.mypellets.at/wp-content/uploads/2023/11/mypellets_0499-1.jpg" class="w-auto h-auto object-cover" alt="" />        </div>
        <div class="flex-1 md:w80 md:flex flex-col justify-center items-center">
        <div class="text-left trnc-reveal">
            <div class="text-yellow uppercase break-words font-bold font-30 md:font-48 mb-8">COMMANDE FACILE, LIVRAISON RAPIDE, QUALITÉ CONSTANTE</div>
            <div class="text-yellow font-bold font-30 "><p>Notre toute nouvelle boutique en ligne vous permet de commander directement, sans effort et à moindre coût. Notre qualité constante, ainsi que nos livraisons ponctuelles et sans poussière, font le bonheur de nos clients depuis des années.</p>
</div>
            <div class="wp-block-button mt-8">
                <a href="https://www.mypellets.at/fr/produits/" class="border-4 border-yellow uppercase rounded-3xl px-4 font-28 font-bold button-yellow block text-center w-fit" target="">Produits</a>            </div>
        </div>
    </div>
    </div>
</div>
